23621 a prime number?
True
Is 763381 prime?
True
Is 111 a composite number?
True
Is 21647 prime?
True
Is 117353 a composite number?
False
Is 6959 prime?
True
Is 541847 a composite number?
True
Is 109911 a composite number?
True
Is 419981 composite?
True
Is 26479 prime?
True
Is 12713 prime?
True
Is 7787 prime?
False
Is 11401 a composite number?
True
Is 2579 a prime number?
True
Is 236942 a composite number?
True
Is 5207 composite?
True
Is 9587 prime?
True
Is 1105099 prime?
False
Is 2127 prime?
False
Is 7157 a prime number?
False
Is 612791 a composite number?
False
Is 2411 prime?
True
Is 723971 prime?
False
Is 1361 a prime number?
True
Is 25957 a prime number?
False
Is 1817 prime?
False
Is 43603 composite?
True
Is 19171 a composite number?
True
Is 20317 a composite number?
True
Is 67121 a composite number?
False
Is 1655 prime?
False
Is 63995 composite?
True
Is 83 composite?
False
Is 1024249 a composite number?
False
Is 274579 a prime number?
True
Is 226211 composite?
True
Is 781553 a composite number?
True
Is 26903 composite?
False
Is 10729 composite?
False
Is 29687 prime?
False
Is 179 composite?
False
Is 51785 composite?
True
Is 39361 a prime number?
False
Is 151457 a composite number?
True
Is 269471 a prime number?
False
Is 24727 composite?
True
Is 30293 a prime number?
True
Is 15359 composite?
False
Is 3543569 prime?
True
Is 353293 a prime number?
True
Is 107279 prime?
True
Is 836483 composite?
True
Is 15529 composite?
True
Is 907 prime?
True
Is 6197 composite?
False
Is 61315 a composite number?
True
Is 2041 a composite number?
True
Is 6905 prime?
False
Is 393451 prime?
True
Is 193261 a composite number?
False
Is 6419695 a composite number?
True
Is 247241 composite?
False
Is 71663 a prime number?
True
Is 15406 composite?
True
Is 1774 a composite number?
True
Is 296519 a composite number?
False
Is 12049 a prime number?
True
Is 3684353 prime?
True
Is 367097 a prime number?
True
Is 689641 a prime number?
True
Is 15245 composite?
True
Is 26731 composite?
False
Is 349457 prime?
False
Is 24337 a prime number?
True
Is 67033 a prime number?
True
Is 51877 prime?
False
Is 96034 a composite number?
True
Is 750671 prime?
False
Is 323558 composite?
True
Is 6641 a prime number?
False
Is 704455 prime?
False
Is 395147 a prime number?
True
Is 528347 a composite number?
True
Is 168537 a composite number?
True
Is 1012057 prime?
False
Is 3671 a composite number?
False
Is 121523 a composite number?
False
Is 25003 a composite number?
True
Is 873877 a prime number?
True
Is 15479 a composite number?
True
Is 7985 a composite number?
True
Is 10481 a prime number?
False
Is 1666961 prime?
False
Is 52639 a prime number?
True
Is 23 a composite number?
False
Is 1645459 a composite number?
False
Is 56569 composite?
False
Is 27035 prime?
False
Is 11558 prime?
False
Is 907271 a composite number?
True
Is 285179 composite?
False
Is 34733 a composite number?
True
Is 116153 composite?
True
Is 62461 prime?
False
Is 4391 composite?
False
Is 16477 a composite number?
False
Is 49727 a composite number?
False
Is 75661 composite?
True
Is 131873 a composite number?
True
Is 9793 a prime number?
False
Is 1249397 a composite number?
False
Is 7051 a composite number?
True
Is 55073 prime?
True
Is 3020343 a composite number?
True
Is 114535 prime?
False
Is 65789 a composite number?
False
Is 17669 prime?
True
Is 4835 composite?
True
Is 257755 a composite number?
True
Is 270877 a composite number?
True
Is 145819 a prime number?
True
Is 23965 a prime number?
False
Is 237989 a composite number?
True
Is 4083 prime?
False
Is 4703 a composite number?
False
Is 4721 prime?
True
Is 108583 a prime number?
False
Is 2218957 a prime number?
False
Is 27191 a prime number?
True
Is 33691 a prime number?
False
Is 507023 prime?
False
Is 279743 a composite number?
True
Is 135302 a prime number?
False
Is 474809 prime?
True
Is 30631 a composite number?
False
Is 5267 a composite number?
True
Is 2551 prime?
True
Is 10637 a prime number?
False
Is 447 composite?
True
Is 157991 prime?
True
Is 8219 a composite number?
False
Is 1259 prime?
True
Is 5664311 a prime number?
True
Is 591259 composite?
False
Is 252421 a composite number?
True
Is 21277 a prime number?
True
Is 92627 a prime number?
True
Is 435217 composite?
True
Is 191273 prime?
False
Is 27298 composite?
True
Is 1358927 a prime number?
True
Is 30737 a prime number?
False
Is 18181 a prime number?
True
Is 17462 a prime number?
False
Is 4808951 prime?
False
Is 14165 prime?
False
Is 1592797 a prime number?
True
Is 34981 a prime number?
True
Is 290441 a composite number?
False
Is 9587 prime?
True
Is 39539 a composite number?
True
Is 3571 prime?
True
Is 188557 a prime number?
False
Is 34269 a composite number?
True
Is 3163 a prime number?
True
Is 68201 a prime number?
False
Is 35681 prime?
False
Is 10061 a composite number?
False
Is 707169 composite?
True
Is 1345 composite?
True
Is 7141 prime?
False
Is 8641 composite?
False
Is 126121 composite?
True
Is 48473 composite?
False
Is 4937 a composite number?
False
Is 303913 a prime number?
False
Is 15427 a composite number?
False
Is 6937 composite?
True
Is 1343 a prime number?
False
Is 8257 a prime number?
False
Is 5813 prime?
True
Is 194569 composite?
False
Is 21587 prime?
True
Is 57901 a prime number?
True
Is 33509 a composite number?
True
Is 9347 a composite number?
True
Is 10349 composite?
True
Is 3641 prime?
False
Is 27617 composite?
False
Is 1949 prime?
True
Is 70039 a composite number?
False
Is 7411 a prime number?
True
Is 5249 composite?
True
Is 187597 a prime number?
True
Is 9091 a composite number?
False
Is 400721 a composite number?
False
Is 2201 a prime number?
False
Is 63355 prime?
False
Is 757543 a prime number?
True
Is 2854 composite?
True
Is 4559 prime?
False
Is 685337 a prime number?
True
Is 392591 composite?
True
Is 83047 composite?
False
Is 6581 a composite number?
False
Is 2231 prime?
False
Is 45751 composite?
False
Is 4711 prime?
False
Is 843266 prime?
False
Is 6521 prime?
True
Is 5039 composite?
False
Is 7509 prime?
False
Is 424651 composite?
True
Is 27479 composite?
False
Is 2683 composite?
False
Is 63937 composite?
True
Is 244157 a prime number?
True
Is 14441 prime?
False
Is 667 a prime number?
False
Is 1121 prime?
False
Is 172922 prime?
False
Is 190607 prime?
True
Is 5129 prime?
False
Is 10709 composite?
False
Is 3979 a prime number?
False
Is 10637 a prime number?
False
Is 7726 composite?
True
Is 19921 a prime number?
False
Is 10133 prime?
True
Is 1049 a prime number?
True
Is 3758467 composite?
False
Is 209299 composite?
False
Is 1009219 composite?
True
Is 22189 a composite number?
False
Is 312079 a prime number?
False
Is 2924557 composite?
False
Is 135083 a composite number?
True
Is 16877 a composite number?
True
Is 2705 a prime number?
False
Is 10847 prime?
True
Is 391487 prime?
True
Is 158473 composite?
True
Is 279451 a prime number?
True
Is 365 prime?
False
Is 17371 a prime number?
False
Is 907 prime?
True
Is 4163 a composite number?
True
Is 669179 composite?
True
Is 24655 prime?
False
Is 3071 a prime number?
False
Is 2759 a composite number?
True
Is 57543 composite?
True
Is 53747 a composite number?
True
Is 5167 prime?
True
Is 3047 a composite number?
True
Is 223233 composite?
True
Is 14041 a prime number?
False
Is 50033 a composite number?
False
Is 52841 a composite number?
True
Is 15919 a composite number?
False
Is 2249681 a prime number?
False
Is 1984667 a composite number?
False
Is 466171 a composite number?
False
Is 895281 composite?
True
Is 124307 a prime number?
False
Is 145709 a composite number?
False
Is 10111 prime?
True
Is 4135829 a composite number?
False
Is 60943 a composite number?
False
Is 797 prime?
True
Is 83203 prime?
True
Is 386439 a prime number?
False
Is 211 composite?
False
Is 37733 a composite number?
True
Is 9983 prime?
False
Is 3347 a composite number?
False
Is 9649 prime?
True
Is 444265 a prime number?
False
Is 28151 prime?
True
Is 29199 a prime number?
False
Is 34015 a composite number?
True
Is 93089 a prime number?
True
Is 862805 a prime number?
False
Is 75149 a composite number?
False
Is 2589459 a composite number?
True
Is 26669 composite?
False
Is 5305 a composite number?
True
Is 502487 composite?
False
Is 11197 a prime number?
True
Is 45049 composite?
True
Is 